{"id":73,"date":"2018-11-30T20:52:16","date_gmt":"2018-11-30T22:52:16","guid":{"rendered":"http:\/\/localhost\/cdh\/?page_id=73"},"modified":"2021-01-22T16:52:26","modified_gmt":"2021-01-22T19:52:26","slug":"contatos","status":"publish","type":"page","link":"https:\/\/clinicadh.direito.ufmg.br\/index.php\/contatos\/","title":{"rendered":"CONTATOS"},"content":{"rendered":"<h2 style=\"text-align: right;\"><\/h2>\n<h2 class=\"western\" style=\"text-align: center;\"><span style=\"font-size: 18pt;\"><strong><span style=\"font-family: arial, times, serif;\"><span style=\"font-family: georgia, palatino, serif;\">Cl\u00ednica de Direitos Humanos da UFMG<\/span><\/span><\/strong><\/span><\/h2>\n<h2 class=\"western\" style=\"text-align: center;\"><span style=\"font-size: 14pt; font-family: georgia, palatino, serif;\">E-mail: <a href=\"mailto:clinicadhufmg@gmail.com\" target=\"_blank\" rel=\"noopener noreferrer\">clinicadhufmg@gmail.com<\/a> &#8211; Telefone: (31) 98470-3124<br \/>\n<\/span><span style=\"font-size: 14pt; font-family: arial,times,serif;\"><span style=\"font-family: georgia, palatino, serif;\">Av Jo\u00e3o Pinheiro 100, Centro &#8211; Belo Horizonte | MG, Brasil &#8211; CEP: 30130-180<\/span><br \/>\n<strong><span style=\"font-family: georgia, palatino, serif;\">Faculdade de Direito UFMG<\/span><\/strong><\/span><\/h2>\n<table class=\" aligncenter\" style=\"border-collapse: collapse; width: 45.2793%;\">\n<tbody>\n<tr>\n<td style=\"width: 4.73387%; border-style: hidden;\"><a href=\"https:\/\/pt-br.facebook.com\/cdhufmg\/\"><img loading=\"lazy\" decoding=\"async\" class=\"aligncenter size-medium wp-image-1562\" src=\"https:\/\/clinicadh.direito.ufmg.br\/wp-content\/uploads\/2021\/01\/icone-facebook-500x500.png\" alt=\"\" width=\"51\" height=\"51\" srcset=\"https:\/\/clinicadh.direito.ufmg.br\/wp-content\/uploads\/2021\/01\/icone-facebook-500x500.png 500w, https:\/\/clinicadh.direito.ufmg.br\/wp-content\/uploads\/2021\/01\/icone-facebook.png 512w, https:\/\/clinicadh.direito.ufmg.br\/wp-content\/uploads\/2021\/01\/icone-facebook-75x75.png 75w\" sizes=\"auto, (max-width: 51px) 100vw, 51px\" \/><\/a><\/td>\n<td style=\"width: 5.0685%; border-style: hidden;\"><a href=\"https:\/\/www.instagram.com\/cdhufmg\/\"><img loading=\"lazy\" decoding=\"async\" class=\"aligncenter size-medium wp-image-1563\" src=\"https:\/\/clinicadh.direito.ufmg.br\/wp-content\/uploads\/2021\/01\/icone-instagram-500x500.png\" alt=\"\" width=\"51\" height=\"51\" srcset=\"https:\/\/clinicadh.direito.ufmg.br\/wp-content\/uploads\/2021\/01\/icone-instagram-500x500.png 500w, https:\/\/clinicadh.direito.ufmg.br\/wp-content\/uploads\/2021\/01\/icone-instagram.png 512w, https:\/\/clinicadh.direito.ufmg.br\/wp-content\/uploads\/2021\/01\/icone-instagram-75x75.png 75w\" sizes=\"auto, (max-width: 51px) 100vw, 51px\" \/><\/a><\/td>\n<td style=\"width: 4.76191%; border-style: hidden;\"><a href=\"https:\/\/api.whatsapp.com\/send?phone=5531984703124\"><img loading=\"lazy\" decoding=\"async\" class=\"aligncenter size-medium wp-image-1578\" src=\"https:\/\/clinicadh.direito.ufmg.br\/wp-content\/uploads\/2021\/01\/whatsapp-500x500.png\" alt=\"\" width=\"50\" height=\"50\" srcset=\"https:\/\/clinicadh.direito.ufmg.br\/wp-content\/uploads\/2021\/01\/whatsapp-500x500.png 500w, https:\/\/clinicadh.direito.ufmg.br\/wp-content\/uploads\/2021\/01\/whatsapp.png 512w, https:\/\/clinicadh.direito.ufmg.br\/wp-content\/uploads\/2021\/01\/whatsapp-75x75.png 75w\" sizes=\"auto, (max-width: 50px) 100vw, 50px\" \/><\/a><\/td>\n<\/tr>\n<\/tbody>\n<\/table>\n<h2 class=\"western\" style=\"text-align: center;\"><span style=\"font-size: 14pt; font-family: arial,times,serif;\"><iframe loading=\"lazy\" style=\"border: 0;\" src=\"https:\/\/www.google.com\/maps\/embed?pb=!1m18!1m12!1m3!1d3750.9678273983886!2d-43.93893768491878!3d-19.92576054332353!2m3!1f0!2f0!3f0!3m2!1i1024!2i768!4f13.1!3m3!1m2!1s0xa699e6864a911d%3A0xd58dfbe4d8397902!2sAv.+Jo%C3%A3o+Pinheiro%2C+100+-+Centro%2C+Belo+Horizonte+-+MG%2C+30130-180!5e0!3m2!1spt-BR!2sbr!4v1544132455909\" width=\"600\" height=\"400\" frameborder=\"0\" allowfullscreen=\"allowfullscreen\"><span data-mce-type=\"bookmark\" style=\"display: inline-block; width: 0px; overflow: hidden; line-height: 0;\" class=\"mce_SELRES_start\">\ufeff<\/span><\/iframe><\/span><\/h2>\n<h2 style=\"text-align: left;\"><em><span style=\"font-size: 10pt;\">Foto: Dani Godoy<\/span><\/em><\/h2>\n","protected":false},"excerpt":{"rendered":"<p>Cl\u00ednica de Direitos Humanos da UFMG E-mail: clinicadhufmg@gmail.com &#8211; Telefone: (31) 98470-3124 Av Jo\u00e3o Pinheiro 100, Centro &#8211; Belo Horizonte | MG, Brasil &#8211; CEP: 30130-180 Faculdade de Direito UFMG \ufeff Foto: Dani Godoy<\/p>\n","protected":false},"author":1,"featured_media":304,"parent":0,"menu_order":0,"comment_status":"closed","ping_status":"closed","template":"","meta":{"footnotes":""},"class_list":["post-73","page","type-page","status-publish","has-post-thumbnail","hentry"],"yoast_head":"<!-- This site is optimized with the Yoast SEO plugin v25.3 - https:\/\/yoast.com\/wordpress\/plugins\/seo\/ -->\n<title>CONTATOS - Cl\u00ednica de Direitos Humanos da UFMG<\/title>\n<meta name=\"robots\" content=\"index, follow, max-snippet:-1, max-image-preview:large, max-video-preview:-1\" \/>\n<link rel=\"canonical\" href=\"https:\/\/clinicadh.direito.ufmg.br\/index.php\/contatos\/\" \/>\n<meta property=\"og:locale\" content=\"pt_BR\" \/>\n<meta property=\"og:type\" content=\"article\" \/>\n<meta property=\"og:title\" content=\"CONTATOS - Cl\u00ednica de Direitos Humanos da UFMG\" \/>\n<meta property=\"og:description\" content=\"Cl\u00ednica de Direitos Humanos da UFMG E-mail: clinicadhufmg@gmail.com &#8211; Telefone: (31) 98470-3124 Av Jo\u00e3o Pinheiro 100, Centro &#8211; Belo Horizonte | MG, Brasil &#8211; CEP: 30130-180 Faculdade de Direito UFMG \ufeff Foto: Dani Godoy\" \/>\n<meta property=\"og:url\" content=\"https:\/\/clinicadh.direito.ufmg.br\/index.php\/contatos\/\" \/>\n<meta property=\"og:site_name\" content=\"Cl\u00ednica de Direitos Humanos da UFMG\" \/>\n<meta property=\"article:publisher\" content=\"https:\/\/www.facebook.com\/cdhufmg\/?eid=ARBDSQLce69q0_8v--9A5W6uQzSMctjXi-aHCPLj-fZRI0TKZQaBy-H1YgM9D-FJc2tGPQyTyAg3EYce\" \/>\n<meta property=\"article:modified_time\" content=\"2021-01-22T19:52:26+00:00\" \/>\n<meta property=\"og:image\" content=\"https:\/\/clinicadh.direito.ufmg.br\/wp-content\/uploads\/2018\/12\/imgmenu-04-ori.jpg\" \/>\n\t<meta property=\"og:image:width\" content=\"954\" \/>\n\t<meta property=\"og:image:height\" content=\"578\" \/>\n\t<meta property=\"og:image:type\" content=\"image\/jpeg\" \/>\n<meta name=\"twitter:card\" content=\"summary_large_image\" \/>\n<script type=\"application\/ld+json\" class=\"yoast-schema-graph\">{\"@context\":\"https:\/\/schema.org\",\"@graph\":[{\"@type\":\"WebPage\",\"@id\":\"https:\/\/clinicadh.direito.ufmg.br\/index.php\/contatos\/\",\"url\":\"https:\/\/clinicadh.direito.ufmg.br\/index.php\/contatos\/\",\"name\":\"CONTATOS - Cl\u00ednica de Direitos Humanos da UFMG\",\"isPartOf\":{\"@id\":\"https:\/\/clinicadh.direito.ufmg.br\/#website\"},\"primaryImageOfPage\":{\"@id\":\"https:\/\/clinicadh.direito.ufmg.br\/index.php\/contatos\/#primaryimage\"},\"image\":{\"@id\":\"https:\/\/clinicadh.direito.ufmg.br\/index.php\/contatos\/#primaryimage\"},\"thumbnailUrl\":\"https:\/\/clinicadh.direito.ufmg.br\/wp-content\/uploads\/2018\/12\/imgmenu-04-ori.jpg\",\"datePublished\":\"2018-11-30T22:52:16+00:00\",\"dateModified\":\"2021-01-22T19:52:26+00:00\",\"breadcrumb\":{\"@id\":\"https:\/\/clinicadh.direito.ufmg.br\/index.php\/contatos\/#breadcrumb\"},\"inLanguage\":\"pt-BR\",\"potentialAction\":[{\"@type\":\"ReadAction\",\"target\":[\"https:\/\/clinicadh.direito.ufmg.br\/index.php\/contatos\/\"]}]},{\"@type\":\"ImageObject\",\"inLanguage\":\"pt-BR\",\"@id\":\"https:\/\/clinicadh.direito.ufmg.br\/index.php\/contatos\/#primaryimage\",\"url\":\"https:\/\/clinicadh.direito.ufmg.br\/wp-content\/uploads\/2018\/12\/imgmenu-04-ori.jpg\",\"contentUrl\":\"https:\/\/clinicadh.direito.ufmg.br\/wp-content\/uploads\/2018\/12\/imgmenu-04-ori.jpg\",\"width\":954,\"height\":578,\"caption\":\"Foto: Dani Godoy\"},{\"@type\":\"BreadcrumbList\",\"@id\":\"https:\/\/clinicadh.direito.ufmg.br\/index.php\/contatos\/#breadcrumb\",\"itemListElement\":[{\"@type\":\"ListItem\",\"position\":1,\"name\":\"In\u00edcio\",\"item\":\"https:\/\/clinicadh.direito.ufmg.br\/\"},{\"@type\":\"ListItem\",\"position\":2,\"name\":\"CONTATOS\"}]},{\"@type\":\"WebSite\",\"@id\":\"https:\/\/clinicadh.direito.ufmg.br\/#website\",\"url\":\"https:\/\/clinicadh.direito.ufmg.br\/\",\"name\":\"Cl\u00ednica de Direitos Humanos da UFMG\",\"description\":\"Cl\u00ednica de Direitos Humanos da Universidade Federal de Minas Gerais\",\"publisher\":{\"@id\":\"https:\/\/clinicadh.direito.ufmg.br\/#organization\"},\"potentialAction\":[{\"@type\":\"SearchAction\",\"target\":{\"@type\":\"EntryPoint\",\"urlTemplate\":\"https:\/\/clinicadh.direito.ufmg.br\/?s={search_term_string}\"},\"query-input\":{\"@type\":\"PropertyValueSpecification\",\"valueRequired\":true,\"valueName\":\"search_term_string\"}}],\"inLanguage\":\"pt-BR\"},{\"@type\":\"Organization\",\"@id\":\"https:\/\/clinicadh.direito.ufmg.br\/#organization\",\"name\":\"Cl\u00ednica de Direitos Humanos da UFMG\",\"url\":\"https:\/\/clinicadh.direito.ufmg.br\/\",\"logo\":{\"@type\":\"ImageObject\",\"inLanguage\":\"pt-BR\",\"@id\":\"https:\/\/clinicadh.direito.ufmg.br\/#\/schema\/logo\/image\/\",\"url\":\"https:\/\/clinicadh.direito.ufmg.br\/wp-content\/uploads\/2015\/06\/c.jpg\",\"contentUrl\":\"https:\/\/clinicadh.direito.ufmg.br\/wp-content\/uploads\/2015\/06\/c.jpg\",\"width\":1200,\"height\":500,\"caption\":\"Cl\u00ednica de Direitos Humanos da UFMG\"},\"image\":{\"@id\":\"https:\/\/clinicadh.direito.ufmg.br\/#\/schema\/logo\/image\/\"},\"sameAs\":[\"https:\/\/www.facebook.com\/cdhufmg\/?eid=ARBDSQLce69q0_8v--9A5W6uQzSMctjXi-aHCPLj-fZRI0TKZQaBy-H1YgM9D-FJc2tGPQyTyAg3EYce\"]}]}<\/script>\n<!-- \/ Yoast SEO plugin. -->","yoast_head_json":{"title":"CONTATOS - Cl\u00ednica de Direitos Humanos da UFMG","robots":{"index":"index","follow":"follow","max-snippet":"max-snippet:-1","max-image-preview":"max-image-preview:large","max-video-preview":"max-video-preview:-1"},"canonical":"https:\/\/clinicadh.direito.ufmg.br\/index.php\/contatos\/","og_locale":"pt_BR","og_type":"article","og_title":"CONTATOS - Cl\u00ednica de Direitos Humanos da UFMG","og_description":"Cl\u00ednica de Direitos Humanos da UFMG E-mail: clinicadhufmg@gmail.com &#8211; Telefone: (31) 98470-3124 Av Jo\u00e3o Pinheiro 100, Centro &#8211; Belo Horizonte | MG, Brasil &#8211; CEP: 30130-180 Faculdade de Direito UFMG \ufeff Foto: Dani Godoy","og_url":"https:\/\/clinicadh.direito.ufmg.br\/index.php\/contatos\/","og_site_name":"Cl\u00ednica de Direitos Humanos da UFMG","article_publisher":"https:\/\/www.facebook.com\/cdhufmg\/?eid=ARBDSQLce69q0_8v--9A5W6uQzSMctjXi-aHCPLj-fZRI0TKZQaBy-H1YgM9D-FJc2tGPQyTyAg3EYce","article_modified_time":"2021-01-22T19:52:26+00:00","og_image":[{"width":954,"height":578,"url":"https:\/\/clinicadh.direito.ufmg.br\/wp-content\/uploads\/2018\/12\/imgmenu-04-ori.jpg","type":"image\/jpeg"}],"twitter_card":"summary_large_image","schema":{"@context":"https:\/\/schema.org","@graph":[{"@type":"WebPage","@id":"https:\/\/clinicadh.direito.ufmg.br\/index.php\/contatos\/","url":"https:\/\/clinicadh.direito.ufmg.br\/index.php\/contatos\/","name":"CONTATOS - Cl\u00ednica de Direitos Humanos da UFMG","isPartOf":{"@id":"https:\/\/clinicadh.direito.ufmg.br\/#website"},"primaryImageOfPage":{"@id":"https:\/\/clinicadh.direito.ufmg.br\/index.php\/contatos\/#primaryimage"},"image":{"@id":"https:\/\/clinicadh.direito.ufmg.br\/index.php\/contatos\/#primaryimage"},"thumbnailUrl":"https:\/\/clinicadh.direito.ufmg.br\/wp-content\/uploads\/2018\/12\/imgmenu-04-ori.jpg","datePublished":"2018-11-30T22:52:16+00:00","dateModified":"2021-01-22T19:52:26+00:00","breadcrumb":{"@id":"https:\/\/clinicadh.direito.ufmg.br\/index.php\/contatos\/#breadcrumb"},"inLanguage":"pt-BR","potentialAction":[{"@type":"ReadAction","target":["https:\/\/clinicadh.direito.ufmg.br\/index.php\/contatos\/"]}]},{"@type":"ImageObject","inLanguage":"pt-BR","@id":"https:\/\/clinicadh.direito.ufmg.br\/index.php\/contatos\/#primaryimage","url":"https:\/\/clinicadh.direito.ufmg.br\/wp-content\/uploads\/2018\/12\/imgmenu-04-ori.jpg","contentUrl":"https:\/\/clinicadh.direito.ufmg.br\/wp-content\/uploads\/2018\/12\/imgmenu-04-ori.jpg","width":954,"height":578,"caption":"Foto: Dani Godoy"},{"@type":"BreadcrumbList","@id":"https:\/\/clinicadh.direito.ufmg.br\/index.php\/contatos\/#breadcrumb","itemListElement":[{"@type":"ListItem","position":1,"name":"In\u00edcio","item":"https:\/\/clinicadh.direito.ufmg.br\/"},{"@type":"ListItem","position":2,"name":"CONTATOS"}]},{"@type":"WebSite","@id":"https:\/\/clinicadh.direito.ufmg.br\/#website","url":"https:\/\/clinicadh.direito.ufmg.br\/","name":"Cl\u00ednica de Direitos Humanos da UFMG","description":"Cl\u00ednica de Direitos Humanos da Universidade Federal de Minas Gerais","publisher":{"@id":"https:\/\/clinicadh.direito.ufmg.br\/#organization"},"potentialAction":[{"@type":"SearchAction","target":{"@type":"EntryPoint","urlTemplate":"https:\/\/clinicadh.direito.ufmg.br\/?s={search_term_string}"},"query-input":{"@type":"PropertyValueSpecification","valueRequired":true,"valueName":"search_term_string"}}],"inLanguage":"pt-BR"},{"@type":"Organization","@id":"https:\/\/clinicadh.direito.ufmg.br\/#organization","name":"Cl\u00ednica de Direitos Humanos da UFMG","url":"https:\/\/clinicadh.direito.ufmg.br\/","logo":{"@type":"ImageObject","inLanguage":"pt-BR","@id":"https:\/\/clinicadh.direito.ufmg.br\/#\/schema\/logo\/image\/","url":"https:\/\/clinicadh.direito.ufmg.br\/wp-content\/uploads\/2015\/06\/c.jpg","contentUrl":"https:\/\/clinicadh.direito.ufmg.br\/wp-content\/uploads\/2015\/06\/c.jpg","width":1200,"height":500,"caption":"Cl\u00ednica de Direitos Humanos da UFMG"},"image":{"@id":"https:\/\/clinicadh.direito.ufmg.br\/#\/schema\/logo\/image\/"},"sameAs":["https:\/\/www.facebook.com\/cdhufmg\/?eid=ARBDSQLce69q0_8v--9A5W6uQzSMctjXi-aHCPLj-fZRI0TKZQaBy-H1YgM9D-FJc2tGPQyTyAg3EYce"]}]}},"_links":{"self":[{"href":"https:\/\/clinicadh.direito.ufmg.br\/index.php\/wp-json\/wp\/v2\/pages\/73","targetHints":{"allow":["GET"]}}],"collection":[{"href":"https:\/\/clinicadh.direito.ufmg.br\/index.php\/wp-json\/wp\/v2\/pages"}],"about":[{"href":"https:\/\/clinicadh.direito.ufmg.br\/index.php\/wp-json\/wp\/v2\/types\/page"}],"author":[{"embeddable":true,"href":"https:\/\/clinicadh.direito.ufmg.br\/index.php\/wp-json\/wp\/v2\/users\/1"}],"replies":[{"embeddable":true,"href":"https:\/\/clinicadh.direito.ufmg.br\/index.php\/wp-json\/wp\/v2\/comments?post=73"}],"version-history":[{"count":0,"href":"https:\/\/clinicadh.direito.ufmg.br\/index.php\/wp-json\/wp\/v2\/pages\/73\/revisions"}],"wp:featuredmedia":[{"embeddable":true,"href":"https:\/\/clinicadh.direito.ufmg.br\/index.php\/wp-json\/wp\/v2\/media\/304"}],"wp:attachment":[{"href":"https:\/\/clinicadh.direito.ufmg.br\/index.php\/wp-json\/wp\/v2\/media?parent=73"}],"curies":[{"name":"wp","href":"https:\/\/api.w.org\/{rel}","templated":true}]}}