{"id":21,"date":"2018-11-30T20:23:52","date_gmt":"2018-11-30T22:23:52","guid":{"rendered":"http:\/\/localhost\/cdh\/?page_id=21"},"modified":"2020-12-02T14:37:56","modified_gmt":"2020-12-02T17:37:56","slug":"eixos","status":"publish","type":"page","link":"https:\/\/clinicadh.direito.ufmg.br\/index.php\/eixos\/","title":{"rendered":"Eixos"},"content":{"rendered":"<table class=\"aligncenter\" style=\"height: 271px; width: 377px; border-style: solid; border-color: #fcfcfc;\" border=\"6\" width=\"386\">\n<tbody>\n<tr>\n<td style=\"width: 368.75px; height: 271px; background-color: #fcb63d; text-align: center; vertical-align: top;\">\n<div id=\"comp-jlgu7lx2__item1\" class=\"style-jlgu7lx6\" data-packed=\"true\">\n<h4 class=\"font_2\"><span style=\"color: #ffffff; font-size: 14pt;\">Direitos LGBT+<\/span><\/h4>\n<\/div>\n<div id=\"comp-jlgu7ly5__item1\" class=\"style-jlgu7ly9\" data-packed=\"true\">\n<p class=\"font_2\" style=\"text-align: justify;\"><span style=\"color: #ffffff; font-family: georgia, palatino, serif; font-size: 12pt;\">Eixo voltado ao mapeamento e interven\u00e7\u00e3o em situa\u00e7\u00f5es de viola\u00e7\u00e3o que afetem particularmente popula\u00e7\u00f5es dissidentes quanto ao g\u00eanero e\/ou sexualidade.<\/span><\/p>\n<\/div>\n<p>&nbsp;<\/p>\n<div id=\"comp-jlgu7ly5__item1\" class=\"style-jlgu7ly9\" data-packed=\"true\">\n<p><a href=\"https:\/\/clinicadh.direito.ufmg.br\/index.php\/direitos-lgbt\/\"><span style=\"font-size: 24pt; color: #ffffff;\">\u2192<\/span><\/a><\/p>\n<\/div>\n<\/td>\n<\/tr>\n<\/tbody>\n<\/table>\n<p>&nbsp;<\/p>\n<p>&nbsp;<\/p>\n<table class=\" aligncenter\" style=\"height: 271px; width: 377px; background-color: #fc3838;\">\n<tbody>\n<tr style=\"height: 271px;\">\n<td>\n<div id=\"comp-jlgu7lx2__item1\" class=\"style-jlgu7lx6\" data-packed=\"true\">\n<h4 class=\"font_2\"><strong><span style=\"font-size: 14pt;\">\u00a0\u00a0\u00a0\u00a0\u00a0\u00a0\u00a0\u00a0 <span style=\"color: #ffffff;\">Direitos Humanos e Empresas<\/span><\/span><\/strong><\/h4>\n<div id=\"comp-jlgu7ly5__item1\" class=\"style-jlgu7ly9\" data-packed=\"true\">\n<p class=\"font_2\" style=\"text-align: justify;\"><span style=\"color: #ffffff; font-family: georgia, palatino, serif; font-size: 12pt;\">Eixo que possui o objetivo de assessorar popula\u00e7\u00f5es atingidas pelas atividades predat\u00f3rias de ind\u00fastrias extrativas em seus territ\u00f3rios.<\/span><\/p>\n<\/div>\n<p>&nbsp;<\/p>\n<div id=\"comp-jlgu7ly5__item1\" class=\"style-jlgu7ly9\" data-packed=\"true\">\n<p><span style=\"color: #ffffff;\">\u00a0 \u00a0 \u00a0 \u00a0 \u00a0 \u00a0 \u00a0 \u00a0 \u00a0 \u00a0 \u00a0 \u00a0 \u00a0 \u00a0 \u00a0 \u00a0 \u00a0 \u00a0 \u00a0 \u00a0<span style=\"font-size: 24pt;\">\u00a0\u00a0<a style=\"color: #ffffff;\" href=\"https:\/\/clinicadh.direito.ufmg.br\/index.php\/dh-e-empresas\/\">\u2192<\/a><\/span><\/span><\/p>\n<\/div>\n<\/div>\n<\/td>\n<\/tr>\n<\/tbody>\n<\/table>\n<p>&nbsp;<\/p>\n<table class=\" aligncenter\" style=\"height: 271px; width: 377px; background-color: #6ac482;\">\n<tbody>\n<tr>\n<td>\n<h4>\u00a0\u00a0<strong><span style=\"font-size: 14pt;\">\u00a0\u00a0\u00a0\u00a0\u00a0\u00a0\u00a0 <span style=\"color: #ffffff;\">Direitos Reprodutivos e Sexuais<\/span><\/span><\/strong><\/h4>\n<div style=\"text-align: justify;\"><span style=\"color: #ffffff; font-family: georgia, palatino, serif; font-size: 12pt;\">O eixo trabalha com temas relacionados a direitos reprodutivos e sexuais, como o direito a decidir sobre o pr\u00f3prio corpo e sobre as formas de se relacionar sexualmente com outras pessoas, o direito a decidir sobre ter ou n\u00e3o filhos(as), sobre como ter filhos(as) e sobre criar\/cuidar de seus filhos(as).<\/span><\/div>\n<div><span style=\"color: #ffffff; font-size: 14pt;\">\u00a0 \u00a0 \u00a0 \u00a0 \u00a0 \u00a0 \u00a0 \u00a0 \u00a0 \u00a0 \u00a0 \u00a0 \u00a0 \u00a0 \u00a0 \u00a0 \u00a0<span style=\"font-size: 24pt;\">\u00a0<a style=\"color: #ffffff;\" href=\"https:\/\/clinicadh.direito.ufmg.br\/index.php\/direitos-reprodutivos-e-sexuais\/\">\u2192<\/a><\/span><\/span><\/div>\n<\/td>\n<\/tr>\n<\/tbody>\n<\/table>\n<p>&nbsp;<\/p>\n<p>&nbsp;<\/p>\n<table class=\" aligncenter\" style=\"width: 368px; background-color: #c7b3b3;\">\n<tbody>\n<tr>\n<td style=\"text-align: left;\"><a href=\"https:\/\/clinicadh.direito.ufmg.br\/index.php\/projetos-anteriores\/\">Clique aqui para conhecer os projetos anteriores<\/a><\/td>\n<\/tr>\n<\/tbody>\n<\/table>\n<p>&nbsp;<\/p>\n","protected":false},"excerpt":{"rendered":"<p>Direitos LGBT+ Eixo voltado ao mapeamento e interven\u00e7\u00e3o em situa\u00e7\u00f5es de viola\u00e7\u00e3o que afetem particularmente popula\u00e7\u00f5es dissidentes quanto ao g\u00eanero e\/ou sexualidade. &nbsp; \u2192 &nbsp; &nbsp; \u00a0\u00a0\u00a0\u00a0\u00a0\u00a0\u00a0\u00a0 Direitos Humanos e Empresas Eixo que possui o objetivo de assessorar popula\u00e7\u00f5es atingidas pelas atividades predat\u00f3rias de ind\u00fastrias extrativas em seus territ\u00f3rios. &nbsp; \u00a0 \u00a0 \u00a0 \u00a0 \u00a0 \u00a0 \u00a0 \u00a0 \u00a0 \u00a0 \u00a0 \u00a0 \u00a0 \u00a0 \u00a0 \u00a0 \u00a0 \u00a0 \u00a0 \u00a0\u00a0\u00a0\u2192 &nbsp; \u00a0\u00a0\u00a0\u00a0\u00a0\u00a0\u00a0\u00a0\u00a0 Direitos Reprodutivos e Sexuais O eixo trabalha com temas relacionados a direitos reprodutivos e sexuais, como o direito a decidir sobre o pr\u00f3prio corpo e sobre as formas de se relacionar sexualmente com outras pessoas, o direito a decidir sobre ter ou n\u00e3o filhos(as), sobre como ter filhos(as) e sobre criar\/cuidar de seus filhos(as). \u00a0 \u00a0 \u00a0 \u00a0 \u00a0 \u00a0 \u00a0 \u00a0 \u00a0 \u00a0 \u00a0 \u00a0 \u00a0 \u00a0 \u00a0 \u00a0 \u00a0\u00a0\u2192 &nbsp; &nbsp; Clique aqui para conhecer os projetos anteriores &nbsp;<\/p>\n","protected":false},"author":1,"featured_media":0,"parent":0,"menu_order":0,"comment_status":"closed","ping_status":"closed","template":"","meta":{"footnotes":""},"class_list":["post-21","page","type-page","status-publish","hentry"],"yoast_head":"<!-- This site is optimized with the Yoast SEO plugin v25.3 - https:\/\/yoast.com\/wordpress\/plugins\/seo\/ -->\n<title>Eixos - Cl\u00ednica de Direitos Humanos da UFMG<\/title>\n<meta name=\"robots\" content=\"index, follow, max-snippet:-1, max-image-preview:large, max-video-preview:-1\" \/>\n<link rel=\"canonical\" href=\"https:\/\/clinicadh.direito.ufmg.br\/index.php\/eixos\/\" \/>\n<meta property=\"og:locale\" content=\"pt_BR\" \/>\n<meta property=\"og:type\" content=\"article\" \/>\n<meta property=\"og:title\" content=\"Eixos - Cl\u00ednica de Direitos Humanos da UFMG\" \/>\n<meta property=\"og:description\" content=\"Direitos LGBT+ Eixo voltado ao mapeamento e interven\u00e7\u00e3o em situa\u00e7\u00f5es de viola\u00e7\u00e3o que afetem particularmente popula\u00e7\u00f5es dissidentes quanto ao g\u00eanero e\/ou sexualidade. &nbsp; \u2192 &nbsp; &nbsp; \u00a0\u00a0\u00a0\u00a0\u00a0\u00a0\u00a0\u00a0 Direitos Humanos e Empresas Eixo que possui o objetivo de assessorar popula\u00e7\u00f5es atingidas pelas atividades predat\u00f3rias de ind\u00fastrias extrativas em seus territ\u00f3rios. &nbsp; \u00a0 \u00a0 \u00a0 \u00a0 \u00a0 \u00a0 \u00a0 \u00a0 \u00a0 \u00a0 \u00a0 \u00a0 \u00a0 \u00a0 \u00a0 \u00a0 \u00a0 \u00a0 \u00a0 \u00a0\u00a0\u00a0\u2192 &nbsp; \u00a0\u00a0\u00a0\u00a0\u00a0\u00a0\u00a0\u00a0\u00a0 Direitos Reprodutivos e Sexuais O eixo trabalha com temas relacionados a direitos reprodutivos e sexuais, como o direito a decidir sobre o pr\u00f3prio corpo e sobre as formas de se relacionar sexualmente com outras pessoas, o direito a decidir sobre ter ou n\u00e3o filhos(as), sobre como ter filhos(as) e sobre criar\/cuidar de seus filhos(as). \u00a0 \u00a0 \u00a0 \u00a0 \u00a0 \u00a0 \u00a0 \u00a0 \u00a0 \u00a0 \u00a0 \u00a0 \u00a0 \u00a0 \u00a0 \u00a0 \u00a0\u00a0\u2192 &nbsp; &nbsp; Clique aqui para conhecer os projetos anteriores &nbsp;\" \/>\n<meta property=\"og:url\" content=\"https:\/\/clinicadh.direito.ufmg.br\/index.php\/eixos\/\" \/>\n<meta property=\"og:site_name\" content=\"Cl\u00ednica de Direitos Humanos da UFMG\" \/>\n<meta property=\"article:publisher\" content=\"https:\/\/www.facebook.com\/cdhufmg\/?eid=ARBDSQLce69q0_8v--9A5W6uQzSMctjXi-aHCPLj-fZRI0TKZQaBy-H1YgM9D-FJc2tGPQyTyAg3EYce\" \/>\n<meta property=\"article:modified_time\" content=\"2020-12-02T17:37:56+00:00\" \/>\n<meta name=\"twitter:card\" content=\"summary_large_image\" \/>\n<meta name=\"twitter:label1\" content=\"Est. tempo de leitura\" \/>\n\t<meta name=\"twitter:data1\" content=\"1 minuto\" \/>\n<script type=\"application\/ld+json\" class=\"yoast-schema-graph\">{\"@context\":\"https:\/\/schema.org\",\"@graph\":[{\"@type\":\"WebPage\",\"@id\":\"https:\/\/clinicadh.direito.ufmg.br\/index.php\/eixos\/\",\"url\":\"https:\/\/clinicadh.direito.ufmg.br\/index.php\/eixos\/\",\"name\":\"Eixos - Cl\u00ednica de Direitos Humanos da UFMG\",\"isPartOf\":{\"@id\":\"https:\/\/clinicadh.direito.ufmg.br\/#website\"},\"datePublished\":\"2018-11-30T22:23:52+00:00\",\"dateModified\":\"2020-12-02T17:37:56+00:00\",\"breadcrumb\":{\"@id\":\"https:\/\/clinicadh.direito.ufmg.br\/index.php\/eixos\/#breadcrumb\"},\"inLanguage\":\"pt-BR\",\"potentialAction\":[{\"@type\":\"ReadAction\",\"target\":[\"https:\/\/clinicadh.direito.ufmg.br\/index.php\/eixos\/\"]}]},{\"@type\":\"BreadcrumbList\",\"@id\":\"https:\/\/clinicadh.direito.ufmg.br\/index.php\/eixos\/#breadcrumb\",\"itemListElement\":[{\"@type\":\"ListItem\",\"position\":1,\"name\":\"In\u00edcio\",\"item\":\"https:\/\/clinicadh.direito.ufmg.br\/\"},{\"@type\":\"ListItem\",\"position\":2,\"name\":\"Eixos\"}]},{\"@type\":\"WebSite\",\"@id\":\"https:\/\/clinicadh.direito.ufmg.br\/#website\",\"url\":\"https:\/\/clinicadh.direito.ufmg.br\/\",\"name\":\"Cl\u00ednica de Direitos Humanos da UFMG\",\"description\":\"Cl\u00ednica de Direitos Humanos da Universidade Federal de Minas Gerais\",\"publisher\":{\"@id\":\"https:\/\/clinicadh.direito.ufmg.br\/#organization\"},\"potentialAction\":[{\"@type\":\"SearchAction\",\"target\":{\"@type\":\"EntryPoint\",\"urlTemplate\":\"https:\/\/clinicadh.direito.ufmg.br\/?s={search_term_string}\"},\"query-input\":{\"@type\":\"PropertyValueSpecification\",\"valueRequired\":true,\"valueName\":\"search_term_string\"}}],\"inLanguage\":\"pt-BR\"},{\"@type\":\"Organization\",\"@id\":\"https:\/\/clinicadh.direito.ufmg.br\/#organization\",\"name\":\"Cl\u00ednica de Direitos Humanos da UFMG\",\"url\":\"https:\/\/clinicadh.direito.ufmg.br\/\",\"logo\":{\"@type\":\"ImageObject\",\"inLanguage\":\"pt-BR\",\"@id\":\"https:\/\/clinicadh.direito.ufmg.br\/#\/schema\/logo\/image\/\",\"url\":\"https:\/\/clinicadh.direito.ufmg.br\/wp-content\/uploads\/2015\/06\/c.jpg\",\"contentUrl\":\"https:\/\/clinicadh.direito.ufmg.br\/wp-content\/uploads\/2015\/06\/c.jpg\",\"width\":1200,\"height\":500,\"caption\":\"Cl\u00ednica de Direitos Humanos da UFMG\"},\"image\":{\"@id\":\"https:\/\/clinicadh.direito.ufmg.br\/#\/schema\/logo\/image\/\"},\"sameAs\":[\"https:\/\/www.facebook.com\/cdhufmg\/?eid=ARBDSQLce69q0_8v--9A5W6uQzSMctjXi-aHCPLj-fZRI0TKZQaBy-H1YgM9D-FJc2tGPQyTyAg3EYce\"]}]}<\/script>\n<!-- \/ Yoast SEO plugin. -->","yoast_head_json":{"title":"Eixos - Cl\u00ednica de Direitos Humanos da UFMG","robots":{"index":"index","follow":"follow","max-snippet":"max-snippet:-1","max-image-preview":"max-image-preview:large","max-video-preview":"max-video-preview:-1"},"canonical":"https:\/\/clinicadh.direito.ufmg.br\/index.php\/eixos\/","og_locale":"pt_BR","og_type":"article","og_title":"Eixos - Cl\u00ednica de Direitos Humanos da UFMG","og_description":"Direitos LGBT+ Eixo voltado ao mapeamento e interven\u00e7\u00e3o em situa\u00e7\u00f5es de viola\u00e7\u00e3o que afetem particularmente popula\u00e7\u00f5es dissidentes quanto ao g\u00eanero e\/ou sexualidade. &nbsp; \u2192 &nbsp; &nbsp; \u00a0\u00a0\u00a0\u00a0\u00a0\u00a0\u00a0\u00a0 Direitos Humanos e Empresas Eixo que possui o objetivo de assessorar popula\u00e7\u00f5es atingidas pelas atividades predat\u00f3rias de ind\u00fastrias extrativas em seus territ\u00f3rios. &nbsp; \u00a0 \u00a0 \u00a0 \u00a0 \u00a0 \u00a0 \u00a0 \u00a0 \u00a0 \u00a0 \u00a0 \u00a0 \u00a0 \u00a0 \u00a0 \u00a0 \u00a0 \u00a0 \u00a0 \u00a0\u00a0\u00a0\u2192 &nbsp; \u00a0\u00a0\u00a0\u00a0\u00a0\u00a0\u00a0\u00a0\u00a0 Direitos Reprodutivos e Sexuais O eixo trabalha com temas relacionados a direitos reprodutivos e sexuais, como o direito a decidir sobre o pr\u00f3prio corpo e sobre as formas de se relacionar sexualmente com outras pessoas, o direito a decidir sobre ter ou n\u00e3o filhos(as), sobre como ter filhos(as) e sobre criar\/cuidar de seus filhos(as). \u00a0 \u00a0 \u00a0 \u00a0 \u00a0 \u00a0 \u00a0 \u00a0 \u00a0 \u00a0 \u00a0 \u00a0 \u00a0 \u00a0 \u00a0 \u00a0 \u00a0\u00a0\u2192 &nbsp; &nbsp; Clique aqui para conhecer os projetos anteriores &nbsp;","og_url":"https:\/\/clinicadh.direito.ufmg.br\/index.php\/eixos\/","og_site_name":"Cl\u00ednica de Direitos Humanos da UFMG","article_publisher":"https:\/\/www.facebook.com\/cdhufmg\/?eid=ARBDSQLce69q0_8v--9A5W6uQzSMctjXi-aHCPLj-fZRI0TKZQaBy-H1YgM9D-FJc2tGPQyTyAg3EYce","article_modified_time":"2020-12-02T17:37:56+00:00","twitter_card":"summary_large_image","twitter_misc":{"Est. tempo de leitura":"1 minuto"},"schema":{"@context":"https:\/\/schema.org","@graph":[{"@type":"WebPage","@id":"https:\/\/clinicadh.direito.ufmg.br\/index.php\/eixos\/","url":"https:\/\/clinicadh.direito.ufmg.br\/index.php\/eixos\/","name":"Eixos - Cl\u00ednica de Direitos Humanos da UFMG","isPartOf":{"@id":"https:\/\/clinicadh.direito.ufmg.br\/#website"},"datePublished":"2018-11-30T22:23:52+00:00","dateModified":"2020-12-02T17:37:56+00:00","breadcrumb":{"@id":"https:\/\/clinicadh.direito.ufmg.br\/index.php\/eixos\/#breadcrumb"},"inLanguage":"pt-BR","potentialAction":[{"@type":"ReadAction","target":["https:\/\/clinicadh.direito.ufmg.br\/index.php\/eixos\/"]}]},{"@type":"BreadcrumbList","@id":"https:\/\/clinicadh.direito.ufmg.br\/index.php\/eixos\/#breadcrumb","itemListElement":[{"@type":"ListItem","position":1,"name":"In\u00edcio","item":"https:\/\/clinicadh.direito.ufmg.br\/"},{"@type":"ListItem","position":2,"name":"Eixos"}]},{"@type":"WebSite","@id":"https:\/\/clinicadh.direito.ufmg.br\/#website","url":"https:\/\/clinicadh.direito.ufmg.br\/","name":"Cl\u00ednica de Direitos Humanos da UFMG","description":"Cl\u00ednica de Direitos Humanos da Universidade Federal de Minas Gerais","publisher":{"@id":"https:\/\/clinicadh.direito.ufmg.br\/#organization"},"potentialAction":[{"@type":"SearchAction","target":{"@type":"EntryPoint","urlTemplate":"https:\/\/clinicadh.direito.ufmg.br\/?s={search_term_string}"},"query-input":{"@type":"PropertyValueSpecification","valueRequired":true,"valueName":"search_term_string"}}],"inLanguage":"pt-BR"},{"@type":"Organization","@id":"https:\/\/clinicadh.direito.ufmg.br\/#organization","name":"Cl\u00ednica de Direitos Humanos da UFMG","url":"https:\/\/clinicadh.direito.ufmg.br\/","logo":{"@type":"ImageObject","inLanguage":"pt-BR","@id":"https:\/\/clinicadh.direito.ufmg.br\/#\/schema\/logo\/image\/","url":"https:\/\/clinicadh.direito.ufmg.br\/wp-content\/uploads\/2015\/06\/c.jpg","contentUrl":"https:\/\/clinicadh.direito.ufmg.br\/wp-content\/uploads\/2015\/06\/c.jpg","width":1200,"height":500,"caption":"Cl\u00ednica de Direitos Humanos da UFMG"},"image":{"@id":"https:\/\/clinicadh.direito.ufmg.br\/#\/schema\/logo\/image\/"},"sameAs":["https:\/\/www.facebook.com\/cdhufmg\/?eid=ARBDSQLce69q0_8v--9A5W6uQzSMctjXi-aHCPLj-fZRI0TKZQaBy-H1YgM9D-FJc2tGPQyTyAg3EYce"]}]}},"_links":{"self":[{"href":"https:\/\/clinicadh.direito.ufmg.br\/index.php\/wp-json\/wp\/v2\/pages\/21","targetHints":{"allow":["GET"]}}],"collection":[{"href":"https:\/\/clinicadh.direito.ufmg.br\/index.php\/wp-json\/wp\/v2\/pages"}],"about":[{"href":"https:\/\/clinicadh.direito.ufmg.br\/index.php\/wp-json\/wp\/v2\/types\/page"}],"author":[{"embeddable":true,"href":"https:\/\/clinicadh.direito.ufmg.br\/index.php\/wp-json\/wp\/v2\/users\/1"}],"replies":[{"embeddable":true,"href":"https:\/\/clinicadh.direito.ufmg.br\/index.php\/wp-json\/wp\/v2\/comments?post=21"}],"version-history":[{"count":0,"href":"https:\/\/clinicadh.direito.ufmg.br\/index.php\/wp-json\/wp\/v2\/pages\/21\/revisions"}],"wp:attachment":[{"href":"https:\/\/clinicadh.direito.ufmg.br\/index.php\/wp-json\/wp\/v2\/media?parent=21"}],"curies":[{"name":"wp","href":"https:\/\/api.w.org\/{rel}","templated":true}]}}