{"version":"1.0","provider_name":"Cl\u00ednica de Direitos Humanos da UFMG","provider_url":"https:\/\/clinicadh.direito.ufmg.br","title":"Carta-Compromisso - Cl\u00ednica de Direitos Humanos da UFMG","type":"rich","width":600,"height":338,"html":"<blockquote class=\"wp-embedded-content\" data-secret=\"ASopVv4pXF\"><a href=\"https:\/\/clinicadh.direito.ufmg.br\/index.php\/2021\/01\/15\/carta-compromisso\/\">Carta-Compromisso<\/a><\/blockquote><iframe sandbox=\"allow-scripts\" security=\"restricted\" src=\"https:\/\/clinicadh.direito.ufmg.br\/index.php\/2021\/01\/15\/carta-compromisso\/embed\/#?secret=ASopVv4pXF\" width=\"600\" height=\"338\" title=\"&#8220;Carta-Compromisso&#8221; &#8212; Cl\u00ednica de Direitos Humanos da UFMG\" data-secret=\"ASopVv4pXF\" frameborder=\"0\" marginwidth=\"0\" marginheight=\"0\" scrolling=\"no\" class=\"wp-embedded-content\"><\/iframe><script type=\"text\/javascript\">\n\/* <![CDATA[ *\/\n\/*! This file is auto-generated *\/\n!function(d,l){\"use strict\";l.querySelector&&d.addEventListener&&\"undefined\"!=typeof URL&&(d.wp=d.wp||{},d.wp.receiveEmbedMessage||(d.wp.receiveEmbedMessage=function(e){var t=e.data;if((t||t.secret||t.message||t.value)&&!\/[^a-zA-Z0-9]\/.test(t.secret)){for(var s,r,n,a=l.querySelectorAll('iframe[data-secret=\"'+t.secret+'\"]'),o=l.querySelectorAll('blockquote[data-secret=\"'+t.secret+'\"]'),c=new RegExp(\"^https?:$\",\"i\"),i=0;i<o.length;i++)o[i].style.display=\"none\";for(i=0;i<a.length;i++)s=a[i],e.source===s.contentWindow&&(s.removeAttribute(\"style\"),\"height\"===t.message?(1e3<(r=parseInt(t.value,10))?r=1e3:~~r<200&&(r=200),s.height=r):\"link\"===t.message&&(r=new URL(s.getAttribute(\"src\")),n=new URL(t.value),c.test(n.protocol))&&n.host===r.host&&l.activeElement===s&&(d.top.location.href=t.value))}},d.addEventListener(\"message\",d.wp.receiveEmbedMessage,!1),l.addEventListener(\"DOMContentLoaded\",function(){for(var e,t,s=l.querySelectorAll(\"iframe.wp-embedded-content\"),r=0;r<s.length;r++)(t=(e=s[r]).getAttribute(\"data-secret\"))||(t=Math.random().toString(36).substring(2,12),e.src+=\"#?secret=\"+t,e.setAttribute(\"data-secret\",t)),e.contentWindow.postMessage({message:\"ready\",secret:t},\"*\")},!1)))}(window,document);\n\/* ]]> *\/\n<\/script>\n","thumbnail_url":"https:\/\/clinicadh.direito.ufmg.br\/wp-content\/uploads\/2021\/01\/Carta-Compromisso-3.png","thumbnail_width":3000,"thumbnail_height":1055,"description":"Durante o per\u00edodo eleitoral de 2020, a Cl\u00ednica de Direitos Humanos da UFMG, atrav\u00e9s do eixo Direitos Reprodutivos e Sexuais, participou da elabora\u00e7\u00e3o de uma Carta-Compromisso com as pautas da &#8220;Coletiva em Apoio \u00e0s M\u00e3es \u00d3rf\u00e3s&#8221;*. A referida Carta-Compromisso, foi assinada por candidatas \u00e0 verean\u00e7a em Belo Horizonte.\u00a0 *A &#8220;Coletiva em apoio \u00e0s M\u00e3es-\u00d3rf\u00e3s&#8221; \u00e9 um movimento que atua no combate ao afastamento arbitr\u00e1rio de rec\u00e9m-nascidos de\u00a0 suas fam\u00edlias. Atrav\u00e9s de mesas abertas em reuni\u00f5es virtuais &#8211; devido a pandemia de coronav\u00edrus -, a Coletiva esteve em di\u00e1logo com as candidatas para debater sobre os temas trabalhados pelo grupo e apresenta\u00e7\u00e3o de propostas. Participaram desses encontros as seguintes candidatas: Polly do Amaral (PSOL-MG), Bella Gon\u00e7alves (PSOL-MG), Neila Batista (PT-MG), S\u00f4nia Lansky (PT-MG), J\u00f4 Moraes (PCdoB-MG) e Cida Falabella (PSOL-MG).\u00a0 Compreendendo a import\u00e2ncia do Poder Legislativo em pautar, no debate p\u00fablico, temas relevantes para garantia de direitos das mulheres, auxiliamos na elabora\u00e7\u00e3o de uma Carta-Compromisso na qual as candidatas se comprometeram com as a\u00e7\u00f5es e os objetivos propostos pela Coletiva M\u00e3es \u00d3rf\u00e3s.\u00a0 Foram firmados alguns compromissos, como a forma\u00e7\u00e3o de profissionais de assist\u00eancia social para uma atua\u00e7\u00e3o condizente com os ditames do ECA e outras disposi\u00e7\u00f5es legais sobre o assunto, a amplia\u00e7\u00e3o de programas de assist\u00eancia a pessoas em situa\u00e7\u00e3o de rua ou usu\u00e1rias de drogas, a valoriza\u00e7\u00e3o da conviv\u00eancia familiar entre parentes e crian\u00e7as em acolhimento institucional e a n\u00e3o discrimina\u00e7\u00e3o por g\u00eanero, ra\u00e7a ou situa\u00e7\u00e3o socioecon\u00f4mica de nenhum dos indiv\u00edduos envolvidos no contexto de afastamento de familiares e crian\u00e7as.\u00a0 Entre as candidatas signat\u00e1rias da Carta-Compromisso, Bella Gon\u00e7alves (PSOL-MG) e S\u00f4nia Lansky (PT-MG) se elegeram. Nesse sentido, a Cl\u00ednica continuar\u00e1 atuando na cobran\u00e7a dos compromissos assumidos pelas ent\u00e3o candidatas, agora vereadoras. Para ler todo o conte\u00fado da carta, clique no link abaixo. Carta-Compromisso Coletivo M\u00e3es \u00d3rf\u00e3s [2020]"}

Clínica de Direitos Humanos da UFMG

Carta-Compromisso - Clínica de Direitos Humanos da UFMG

<blockquote class="wp-embedded-content" data-secret="ASopVv4pXF"><a href="https://clinicadh.direito.ufmg.br/index.php/2021/01/15/carta-compromisso/">Carta-Compromisso</a></blockquote><iframe sandbox="allow-scripts" security="restricted" src="https://clinicadh.direito.ufmg.br/index.php/2021/01/15/carta-compromisso/embed/#?secret=ASopVv4pXF" width="600" height="338" title="&#8220;Carta-Compromisso&#8221; &#8212; Clínica de Direitos Humanos da UFMG" data-secret="ASopVv4pXF" frameborder="0" marginwidth="0" marginheight="0" scrolling="no" class="wp-embedded-content"></iframe><script type="text/javascript">
/* <![CDATA[ */
/*! This file is auto-generated */
!function(d,l){"use strict";l.querySelector&&d.addEventListener&&"undefined"!=typeof URL&&(d.wp=d.wp||{},d.wp.receiveEmbedMessage||(d.wp.receiveEmbedMessage=function(e){var t=e.data;if((t||t.secret||t.message||t.value)&&!/[^a-zA-Z0-9]/.test(t.secret)){for(var s,r,n,a=l.querySelectorAll('iframe[data-secret="'+t.secret+'"]'),o=l.querySelectorAll('blockquote[data-secret="'+t.secret+'"]'),c=new RegExp("^https?:$","i"),i=0;i<o.length;i++)o[i].style.display="none";for(i=0;i<a.length;i++)s=a[i],e.source===s.contentWindow&&(s.removeAttribute("style"),"height"===t.message?(1e3<(r=parseInt(t.value,10))?r=1e3:~~r<200&&(r=200),s.height=r):"link"===t.message&&(r=new URL(s.getAttribute("src")),n=new URL(t.value),c.test(n.protocol))&&n.host===r.host&&l.activeElement===s&&(d.top.location.href=t.value))}},d.addEventListener("message",d.wp.receiveEmbedMessage,!1),l.addEventListener("DOMContentLoaded",function(){for(var e,t,s=l.querySelectorAll("iframe.wp-embedded-content"),r=0;r<s.length;r++)(t=(e=s[r]).getAttribute("data-secret"))||(t=Math.random().toString(36).substring(2,12),e.src+="#?secret="+t,e.setAttribute("data-secret",t)),e.contentWindow.postMessage({message:"ready",secret:t},"*")},!1)))}(window,document);
/* ]]> */
</script>

Durante o período eleitoral de 2020, a Clínica de Direitos Humanos da UFMG, através do eixo Direitos Reprodutivos e Sexuais, participou da elaboração de uma Carta-Compromisso com as pautas da &#8220;Coletiva em Apoio às Mães Órfãs&#8221;*. A referida Carta-Compromisso, foi assinada por candidatas à vereança em Belo Horizonte.  *A &#8220;Coletiva em apoio às Mães-Órfãs&#8221; é um movimento que atua no combate ao afastamento arbitrário de recém-nascidos de  suas famílias. Através de mesas abertas em reuniões virtuais &#8211; devido a pandemia de coronavírus -, a Coletiva esteve em diálogo com as candidatas para debater sobre os temas trabalhados pelo grupo e apresentação de propostas. Participaram desses encontros as seguintes candidatas: Polly do Amaral (PSOL-MG), Bella Gonçalves (PSOL-MG), Neila Batista (PT-MG), Sônia Lansky (PT-MG), Jô Moraes (PCdoB-MG) e Cida Falabella (PSOL-MG).  Compreendendo a importância do Poder Legislativo em pautar, no debate público, temas relevantes para garantia de direitos das mulheres, auxiliamos na elaboração de uma Carta-Compromisso na qual as candidatas se comprometeram com as ações e os objetivos propostos pela Coletiva Mães Órfãs.  Foram firmados alguns compromissos, como a formação de profissionais de assistência social para uma atuação condizente com os ditames do ECA e outras disposições legais sobre o assunto, a ampliação de programas de assistência a pessoas em situação de rua ou usuárias de drogas, a valorização da convivência familiar entre parentes e crianças em acolhimento institucional e a não discriminação por gênero, raça ou situação socioeconômica de nenhum dos indivíduos envolvidos no contexto de afastamento de familiares e crianças.  Entre as candidatas signatárias da Carta-Compromisso, Bella Gonçalves (PSOL-MG) e Sônia Lansky (PT-MG) se elegeram. Nesse sentido, a Clínica continuará atuando na cobrança dos compromissos assumidos pelas então candidatas, agora vereadoras. Para ler todo o conteúdo da carta, clique no link abaixo. Carta-Compromisso Coletivo Mães Órfãs [2020]
